{"id":1358,"date":"2016-09-21T13:15:31","date_gmt":"2016-09-21T13:15:31","guid":{"rendered":"http:\/\/encotech.es\/index.php\/soporte-tecnico-encotech"},"modified":"2017-04-11T19:17:56","modified_gmt":"2017-04-11T17:17:56","slug":"suport-tecnic","status":"publish","type":"page","link":"https:\/\/encotech.es\/index.php\/suport-tecnic?lang=ca","title":{"rendered":"Suport T\u00e8cnic"},"content":{"rendered":"<p>[et_pb_section admin_label=\u00bbsection\u00bb][et_pb_row admin_label=\u00bbFila\u00bb][et_pb_column type=\u00bb4_4&#8243;][et_pb_post_title admin_label=\u00bbT\u00edtulo de publicaci\u00f3n\u00bb title=\u00bbon\u00bb meta=\u00bboff\u00bb author=\u00bbon\u00bb date=\u00bbon\u00bb categories=\u00bbon\u00bb comments=\u00bbon\u00bb featured_image=\u00bbon\u00bb featured_placement=\u00bbbelow\u00bb parallax_effect=\u00bbon\u00bb parallax_method=\u00bbon\u00bb text_orientation=\u00bbleft\u00bb text_color=\u00bbdark\u00bb text_background=\u00bboff\u00bb text_bg_color=\u00bbrgba(255,255,255,0.9)\u00bb module_bg_color=\u00bbrgba(255,255,255,0)\u00bb title_all_caps=\u00bbon\u00bb use_border_color=\u00bboff\u00bb border_color=\u00bb#ffffff\u00bb border_style=\u00bbsolid\u00bb title_font_size=\u00bb34px\u00bb title_line_height=\u00bb1.2em\u00bb custom_margin=\u00bb60px|||\u00bb] [\/et_pb_post_title][\/et_pb_column][\/et_pb_row][et_pb_row admin_label=\u00bbrow\u00bb make_fullwidth=\u00bboff\u00bb use_custom_width=\u00bboff\u00bb width_unit=\u00bbon\u00bb use_custom_gutter=\u00bboff\u00bb padding_mobile=\u00bboff\u00bb custom_margin=\u00bb50px||50px|\u00bb allow_player_pause=\u00bboff\u00bb parallax=\u00bboff\u00bb parallax_method=\u00bboff\u00bb make_equal=\u00bboff\u00bb parallax_1=\u00bboff\u00bb parallax_method_1=\u00bboff\u00bb column_padding_mobile=\u00bbon\u00bb][et_pb_column type=\u00bb1_2&#8243;][et_pb_text admin_label=\u00bbTexto\u00bb background_layout=\u00bblight\u00bb text_orientation=\u00bbleft\u00bb use_border_color=\u00bboff\u00bb border_color=\u00bb#ffffff\u00bb border_style=\u00bbsolid\u00bb text_line_height=\u00bb1em\u00bb custom_css_main_element=\u00bbmargin-bottom:0px;||padding-bottom:0px;\u00bb text_font_size=\u00bb19&#8243; text_text_color=\u00bb#000000&#8243;]<\/p>\n<p>Suport T\u00e8cnic<\/p>\n<p>[\/et_pb_text][et_pb_image admin_label=\u00bbImagen\u00bb src=\u00bbhttps:\/\/encotech.es\/wp-content\/uploads\/2016\/09\/soporte-tecnico-encotech-e1491818177921.jpg\u00bb show_in_lightbox=\u00bboff\u00bb url_new_window=\u00bboff\u00bb use_overlay=\u00bboff\u00bb animation=\u00bbleft\u00bb sticky=\u00bboff\u00bb align=\u00bbleft\u00bb force_fullwidth=\u00bboff\u00bb always_center_on_mobile=\u00bbon\u00bb use_border_color=\u00bboff\u00bb border_color=\u00bb#ffffff\u00bb border_style=\u00bbsolid\u00bb custom_margin=\u00bb-26px|||\u00bb] [\/et_pb_image][et_pb_text admin_label=\u00bbTexto\u00bb background_layout=\u00bblight\u00bb text_orientation=\u00bbleft\u00bb use_border_color=\u00bboff\u00bb border_color=\u00bb#ffffff\u00bb border_style=\u00bbsolid\u00bb]<\/p>\n<p>Els nostres professionals s\u00f3n especialistes en els diferents productes representats.<\/p>\n<p>Des de la nostra oficina t\u00e8cnica podem assessorar-los donant-los solucions integrals, \u00f2ptimes i personalitzades, mantenint un contacte directe amb els nostres clients.<\/p>\n<p>Gr\u00e0cies al nostre equip i al suport permanent de les nostres marques podem garantir les millors solucions per a vost\u00e8.<\/p>\n<p>&nbsp;<\/p>\n<p>[\/et_pb_text][\/et_pb_column][et_pb_column type=\u00bb1_2&#8243;][et_pb_text admin_label=\u00bbTexto\u00bb background_layout=\u00bblight\u00bb text_orientation=\u00bbleft\u00bb use_border_color=\u00bboff\u00bb border_color=\u00bb#ffffff\u00bb border_style=\u00bbsolid\u00bb text_line_height=\u00bb1em\u00bb custom_css_main_element=\u00bbmargin-bottom:0px;||padding-bottom:0px;\u00bb text_font_size=\u00bb19&#8243; text_text_color=\u00bb#000000&#8243;]<\/p>\n<p>Solucions a mida<\/p>\n<p>[\/et_pb_text][et_pb_image admin_label=\u00bbImagen\u00bb src=\u00bbhttps:\/\/encotech.es\/wp-content\/uploads\/2017\/04\/soluciones-a-medida.jpg\u00bb show_in_lightbox=\u00bboff\u00bb url_new_window=\u00bboff\u00bb use_overlay=\u00bboff\u00bb animation=\u00bbleft\u00bb sticky=\u00bboff\u00bb align=\u00bbleft\u00bb force_fullwidth=\u00bboff\u00bb always_center_on_mobile=\u00bbon\u00bb use_border_color=\u00bboff\u00bb border_color=\u00bb#ffffff\u00bb border_style=\u00bbsolid\u00bb custom_margin=\u00bb-26px|||\u00bb] [\/et_pb_image][et_pb_text admin_label=\u00bbTexto\u00bb background_layout=\u00bblight\u00bb text_orientation=\u00bbleft\u00bb use_border_color=\u00bboff\u00bb border_color=\u00bb#ffffff\u00bb border_style=\u00bbsolid\u00bb]<\/p>\n<p>Si les nostres solucions \u201cStandard\u201d no satisfan les seves necessitats, els nostres Enginyers desenvoluparan solucions adaptades a les seves especificacions, dissenyant-les i implementant-les per aconseguir els resultats esperats.<\/p>\n<p>No dubti a contactar amb Nosaltres!!<\/p>\n<p>Tel: +34 93 751 00 77<br \/>\nMail: <a href=\"mailto:info@encotech.es\">info@encotech.es<\/a><\/p>\n<p>[\/et_pb_text][\/et_pb_column][\/et_pb_row][\/et_pb_section]<\/p>\n","protected":false},"excerpt":{"rendered":"<p>Suport T\u00e8cnic Els nostres professionals s\u00f3n especialistes en els diferents productes representats. Des de la nostra oficina t\u00e8cnica podem assessorar-los donant-los solucions integrals, \u00f2ptimes i personalitzades, mantenint un contacte directe amb els nostres clients. Gr\u00e0cies al nostre equip i al suport permanent de les nostres marques podem garantir les millors solucions per a vost\u00e8. &nbsp; [&hellip;]<\/p>\n","protected":false},"author":1,"featured_media":0,"parent":0,"menu_order":2,"comment_status":"closed","ping_status":"closed","template":"","meta":{"_et_pb_use_builder":"on","_et_pb_old_content":"","_et_gb_content_width":"","footnotes":""},"class_list":["post-1358","page","type-page","status-publish","hentry"],"_links":{"self":[{"href":"https:\/\/encotech.es\/index.php\/wp-json\/wp\/v2\/pages\/1358","targetHints":{"allow":["GET"]}}],"collection":[{"href":"https:\/\/encotech.es\/index.php\/wp-json\/wp\/v2\/pages"}],"about":[{"href":"https:\/\/encotech.es\/index.php\/wp-json\/wp\/v2\/types\/page"}],"author":[{"embeddable":true,"href":"https:\/\/encotech.es\/index.php\/wp-json\/wp\/v2\/users\/1"}],"replies":[{"embeddable":true,"href":"https:\/\/encotech.es\/index.php\/wp-json\/wp\/v2\/comments?post=1358"}],"version-history":[{"count":2,"href":"https:\/\/encotech.es\/index.php\/wp-json\/wp\/v2\/pages\/1358\/revisions"}],"predecessor-version":[{"id":1381,"href":"https:\/\/encotech.es\/index.php\/wp-json\/wp\/v2\/pages\/1358\/revisions\/1381"}],"wp:attachment":[{"href":"https:\/\/encotech.es\/index.php\/wp-json\/wp\/v2\/media?parent=1358"}],"curies":[{"name":"wp","href":"https:\/\/api.w.org\/{rel}","templated":true}]}}